{"id":1211,"date":"2021-04-28T21:39:52","date_gmt":"2021-04-28T20:39:52","guid":{"rendered":"https:\/\/www.artsnapp.com\/?post_type=tribe_events&#038;p=1211"},"modified":"2021-04-28T21:39:52","modified_gmt":"2021-04-28T20:39:52","slug":"hannah-arendt-und-das-20-jahrhundert","status":"publish","type":"tribe_events","link":"https:\/\/www.artamiga.com\/event\/hannah-arendt-und-das-20-jahrhundert\/","title":{"rendered":"Hannah Arendt und das 20. Jahrhundert"},"content":{"rendered":"<div class=\"tx-dce-pi1\">\n<div class=\"backgroundColoredHeadline3Lines backgroundColoredHeadline  \">\n<h3>9. M\u00e4rz bis 16. Mai 2021<\/h3>\n<\/div>\n<p><q>\u00abDas 20. Jahrhundert ist ohne Hannah Arendt gar nicht zu verstehen.\u00bb<\/q> <cite>Amos Elon, Journalist und Schriftsteller<\/cite><\/p>\n<\/div>\n<div id=\"c28755\" class=\"frame frame-default frame-type-text frame-layout-0\">\n<div>\n<p>&#8220;Das 20. Jahrhundert sei ohne Hannah Arendt gar nicht zu verstehen, meinte der Schriftsteller Amos Elon. Arendt pr\u00e4gte ma\u00dfgeblich zwei Begriffe: \u201etotale Herrschaft\u201c und \u201eBanalit\u00e4t des B\u00f6sen\u201c. Sie \u00e4u\u00dferte sich \u00fcber Totalitarismus, Antisemitismus, die Lage von Fl\u00fcchtlingen, den Eichmann-Prozess, Zionismus, die \u201eRassentrennung\u201c in den USA, Studentenproteste und Feminismus. Nichts davon ist heute abgeschlossen.<\/p>\n<p><iframe loading=\"lazy\" title=\"Hannah Arendt und das 20. Jahrhundert \u2013 Kuratorinnenf\u00fchrung\" width=\"640\" height=\"360\" src=\"https:\/\/www.youtube.com\/embed\/ccmpFl7hYdA?feature=oembed\" frameborder=\"0\" allow=\"accelerometer; autoplay; clipboard-write; encrypted-media; gyroscope; picture-in-picture; web-share\" referrerpolicy=\"strict-origin-when-cross-origin\" allowfullscreen><\/iframe><\/p>\n<p>Im Fokus der Pr\u00e4sentation steht Hannah Arendt als politische Denkerin und Intellektuelle, die das Wagnis der \u00d6ffentlichkeit nicht scheute. Hannah Arendt ging es in ihrem Denken um politische und historische Urteilskraft. Ihre Urteile sind eigensinnig, oft strittig und immer anregend. Arendt berief sich auf kein Programm, keine Partei, keine Tradition. Das macht die Einordnung ihres Denkens schwierig und zugleich interessant: War sie eine Linke? Eine Liberale? Eine Konservative?&#8221;<\/p>\n<\/div>\n<p>&nbsp;<\/p>\n<\/div>\n","protected":false},"excerpt":{"rendered":"<p>9. M\u00e4rz bis 16. Mai 2021 \u00abDas 20. Jahrhundert ist ohne Hannah Arendt gar nicht zu verstehen.\u00bb Amos Elon, Journalist und Schriftsteller &#8220;Das 20. Jahrhundert&hellip;<\/p>\n","protected":false},"author":18,"featured_media":1214,"comment_status":"open","ping_status":"closed","template":"","meta":{"_FSMCFIC_featured_image_caption":"","_FSMCFIC_featured_image_nocaption":"","_FSMCFIC_featured_image_hide":"","_tribe_events_status":"","_tribe_events_status_reason":"","_tribe_events_is_hybrid":"","_tribe_events_is_virtual":"","_tribe_events_virtual_video_source":"","_tribe_events_virtual_embed_video":"","_tribe_events_virtual_linked_button_text":"","_tribe_events_virtual_linked_button":"","_tribe_events_virtual_show_embed_at":"","_tribe_events_virtual_show_embed_to":[],"_tribe_events_virtual_show_on_event":"","_tribe_events_virtual_show_on_views":"","_tribe_events_virtual_url":"","footnotes":""},"tags":[],"tribe_events_cat":[],"class_list":["post-1211","tribe_events","type-tribe_events","status-publish","has-post-thumbnail","hentry"],"_links":{"self":[{"href":"https:\/\/www.artamiga.com\/api-json\/wp\/v2\/tribe_events\/1211","targetHints":{"allow":["GET"]}}],"collection":[{"href":"https:\/\/www.artamiga.com\/api-json\/wp\/v2\/tribe_events"}],"about":[{"href":"https:\/\/www.artamiga.com\/api-json\/wp\/v2\/types\/tribe_events"}],"author":[{"embeddable":true,"href":"https:\/\/www.artamiga.com\/api-json\/wp\/v2\/users\/18"}],"replies":[{"embeddable":true,"href":"https:\/\/www.artamiga.com\/api-json\/wp\/v2\/comments?post=1211"}],"version-history":[{"count":0,"href":"https:\/\/www.artamiga.com\/api-json\/wp\/v2\/tribe_events\/1211\/revisions"}],"wp:featuredmedia":[{"embeddable":true,"href":"https:\/\/www.artamiga.com\/api-json\/wp\/v2\/media\/1214"}],"wp:attachment":[{"href":"https:\/\/www.artamiga.com\/api-json\/wp\/v2\/media?parent=1211"}],"wp:term":[{"taxonomy":"post_tag","embeddable":true,"href":"https:\/\/www.artamiga.com\/api-json\/wp\/v2\/tags?post=1211"},{"taxonomy":"tribe_events_cat","embeddable":true,"href":"https:\/\/www.artamiga.com\/api-json\/wp\/v2\/tribe_events_cat?post=1211"}],"curies":[{"name":"wp","href":"https:\/\/api.w.org\/{rel}","templated":true}]}}

<div class="tx-dce-pi1">
<div class="backgroundColoredHeadline3Lines backgroundColoredHeadline  ">
<h3>9. März bis 16. Mai 2021</h3>
</div>
<p><q>«Das 20. Jahrhundert ist ohne Hannah Arendt gar nicht zu verstehen.»</q> <cite>Amos Elon, Journalist und Schriftsteller</cite></p>
</div>
<div id="c28755" class="frame frame-default frame-type-text frame-layout-0">
<div>
<p>&#8220;Das 20. Jahrhundert sei ohne Hannah Arendt gar nicht zu verstehen, meinte der Schriftsteller Amos Elon. Arendt prägte maßgeblich zwei Begriffe: „totale Herrschaft“ und „Banalität des Bösen“. Sie äußerte sich über Totalitarismus, Antisemitismus, die Lage von Flüchtlingen, den Eichmann-Prozess, Zionismus, die „Rassentrennung“ in den USA, Studentenproteste und Feminismus. Nichts davon ist heute abgeschlossen.</p>
<p><iframe loading="lazy" title="Hannah Arendt und das 20. Jahrhundert – Kuratorinnenführung" width="640" height="360" src="https://www.youtube.com/embed/ccmpFl7hYdA?feature=oembed" frameborder="0" allow="accelerometer; autoplay; clipboard-write; encrypted-media; gyroscope; picture-in-picture; web-share" referrerpolicy="strict-origin-when-cross-origin" allowfullscreen></iframe></p>
<p>Im Fokus der Präsentation steht Hannah Arendt als politische Denkerin und Intellektuelle, die das Wagnis der Öffentlichkeit nicht scheute. Hannah Arendt ging es in ihrem Denken um politische und historische Urteilskraft. Ihre Urteile sind eigensinnig, oft strittig und immer anregend. Arendt berief sich auf kein Programm, keine Partei, keine Tradition. Das macht die Einordnung ihres Denkens schwierig und zugleich interessant: War sie eine Linke? Eine Liberale? Eine Konservative?&#8221;</p>
</div>
<p>&nbsp;</p>
</div>

<p>9. März bis 16. Mai 2021 «Das 20. Jahrhundert ist ohne Hannah Arendt gar nicht zu verstehen.» Amos Elon, Journalist und Schriftsteller &#8220;Das 20. Jahrhundert&hellip;</p>
